327. What are the prime factors of l(-3)?
2, 883
List the prime factors of 7 + (2885 - 0) - 1.
7, 59
Let o be 3 - 0 - 272/(-1). Suppose 2*h - 7*h + o = 0. Suppose -5*w + 3*f = -w - h, 0 = -2*w - 2*f + 24. What are the prime factors of w?
13
List the prime factors of ((-1803)/4)/((-127)/508).
3, 601
Let c = 41 + -76. Let y = -6921 + 6901. Let n = y - c. List the prime factors of n.
3, 5
Let z = 119 - 119. Suppose z = -5*f - 519 + 1709. List the prime factors of f.
2, 7, 17
Let k = 136 - 95. Let a be 19 + (-24)/18 + (-2)/(-6). Let p = k - a. What are the prime factors of p?
23
Let d(j) = 9*j**2 - 10*j - 417. What are the prime factors of d(34)?
11, 877
Let l(m) = -1. Let q(n) = -9*n - 51. Let h(z) = -4*l(z) + q(z). List the prime factors of h(-10).
43
Let y = 33975 - 22378. What are the prime factors of y?
11597
Let j = 583 - -7668. List the prime factors of j.
37, 223
Let g = 60 - 58. Suppose -r + 459 = 2*x + 3*x, g*r + 174 = 2*x. Suppose -10 - x = -j. List the prime factors of j.
101
Let v(p) = -217*p + 2*p**2 + 112*p + 18 + 7*p**2 + 106*p. What are the prime factors of v(-5)?
2, 7, 17
Let s = -12853 - -15609. What are the prime factors of s?
2, 13, 53
Let o = 17 + -14. Let c be (27/(-18))/(o/8). List the prime factors of c/(-18) + 6219/81.
7, 11
Let x(m) = -m**3 + 15*m**2 - 12*m + 16. Let g be x(14). Let l = -40 + g. Suppose 25 = 5*t, 4*j + t - 393 = l*t. What are the prime factors of j?
2, 3, 17
Suppose 2*y - 3 = 13. Let o be -2*12/y + 24. What are the prime factors of (-296)/(-3) + (-14)/o?
2, 7
Let l = -149 + 149. Suppose 2*m - 721 = -2*j + 665, l = -3*j. List the prime factors of m.
3, 7, 11
Let i(c) = -c - 3. Let s be i(-4). Let y(p) be the second derivative of 11*p**5/2 - p**4/3 + 2*p**3/3 - p**2/2 - 4*p - 80. List the prime factors of y(s).
109
Let y(l) = l**3 - 10*l**2 + 15*l + 11. Let o be y(8). Suppose 3*v - 4*v = -o*u - 416, 1264 = 3*v - u. What are the prime factors of v?
2, 211
What are the prime factors of 6/((6/(-3) - 1)*10/(-12920))?
2, 17, 19
Suppose -37*f - 13376 + 315 = 0. Let q = 362 + f. What are the prime factors of q?
3
Suppose 30*j = 21*j + 36. Suppose -10 = 5*m, 1924 + 4194 = j*t - m. List the prime factors of t.
11, 139
Suppose -4*s + 7 = 3*j, 52 = 3*j - 3*s - 2*s. Suppose -22*w + 12948 = -j*w. List the prime factors of w.
2, 3, 83
List the prime factors of (-20847)/(-11 + 8) - 16.
3, 2311
Let b be ((-1644)/(-16))/(3/(-8)). Let q = b - -418. Let y = q - 81. What are the prime factors of y?
3, 7
Let b be 3/4*4*(-2618)/(-7). Suppose 0 = 2*a + 304 - b. List the prime factors of a.
409
Suppose 21*v - 198 = 19*v. Let p = v + 64. Let b = p - 55. List the prime factors of b.
2, 3
Suppose 33*s - 7*s + 325980 = 1247914. What are the prime factors of s?
59, 601
Suppose k - 3*k - 3*s = -76, 2*k - 76 = -4*s. Suppose -7*m - 18 - k = 0. List the prime factors of 1204/49 + m/14.
2, 3
Let f(c) be the first derivative of -c**3/3 + 5*c**2 + 742*c - 65. What are the prime factors of f(0)?
2, 7, 53
Suppose 85*b - 238*b = 582695 - 2151863. What are the prime factors of b?
2, 641
Let a(w) = -581*w - 1420. What are the prime factors of a(-28)?
2, 29
Let j(s) be the third derivative of 11*s**4/24 - 19*s**3/6 + 2*s**2 - 33. Let r(g) = -g**2 + 10*g + 14. Let x be r(11). List the prime factors of j(x).
2, 7
Let r(g) = 119*g - 1. Let y be r(4). Suppose -3*h - 2*p + 3*p = -1455, 0 = h + 3*p - y. Suppose -6*q + 2*q = -h. What are the prime factors of q?
11
Suppose 0 = 5*p - 3*r - 732 - 2623, 693 = p - 5*r. Suppose 0 = 2*d - 5*o - p, -12*o = -5*d - 15*o + 1670. What are the prime factors of d?
2, 167
Let z(s) be the first derivative of 25 - 12*s + 1/2*s**2 + 4/3*s**3. What are the prime factors of z(4)?
2, 7
Let i(g) = -g**2 - 28*g + 50. Let c be i(-29). List the prime factors of 6 - 35/c*-267.
11, 41
Suppose 36*f - 42504 = -6*f. Let v = f - 563. List the prime factors of v.
449
Suppose 23555 = 4*p - 20405. List the prime factors of p.
2, 5, 7, 157
Let b(h) be the second derivative of -26*h**3/3 + 10*h**2 - 3*h - 10. What are the prime factors of b(-7)?
2, 3
Let b = -33230 - -49569. List the prime factors of b.
16339
Let n = -250 - 117. Suppose -5*k - 1418 + 113 = 0. Let t = k - n. What are the prime factors of t?
2, 53
Suppose 2849880 = 12723*j - 12663*j. What are the prime factors of j?
2, 11, 17, 127
Suppose 4*p = 10*p - 204. Suppose 10*a + 14 = p. Suppose 0 = -a*x + 261 + 117. What are the prime factors of x?
3, 7
Suppose -122*v = -127*v + 33970. List the prime factors of v.
2, 43, 79
Let m(o) = o**2 + 14*o - 28. Let q be m(8). List the prime factors of (-3)/(-1) + 7/(-7) + q.
2, 3, 5
Let c(w) = w**2 - 36*w + 79. Let u be c(34). Suppose 8*r = -u*r + 25137. List the prime factors of r.
3, 7
Suppose -3*m = 410 + 271. Let l = -304 - -175. Let s = l - m. What are the prime factors of s?
2, 7
Suppose 6062 = 2*x + 3*m, -3009 = -x + 4*m - 0*m. Suppose -5*n = -s - x, -12 = -2*s - 2. List the prime factors of n.
2, 3, 101
Suppose 3*b - 20 = 5*v, -v = 2*b + 2*v - 7. Let u(s) = 12*s**2 - 16*s - 1. List the prime factors of u(b).
3, 73
Let y = 3557 + 3071. What are the prime factors of y?
2, 1657
Let c = -1 - -7. Suppose 5*i = c*i. Suppose -4*x = 2*j - 44, 0 = 4*j - i*j + 5*x - 97. What are the prime factors of j?
2, 7
Let m(y) = 10*y**3 + 2*y**2 - 8*y + 18. Let b be m(6). Suppose -46*s + 52*s = b. What are the prime factors of s?
367
Let i = 13132 + -7354. Let l be 1 + 4 - i/(-27). Suppose -2*p + 5*r + l = -88, 2*p - 2*r = 310. List the prime factors of p.
2, 3, 13
Let z(w) be the third derivative of 3*w**5/20 + w**4/6 - 4*w**3/3 + w**2 + 12. List the prime factors of z(4).
2, 19
Suppose -4*f + 505 = -2335. Let a = 1576 - 1265. Suppose 0 = -4*t + 3*i + f + a, -4*i = 5*t - 1284. List the prime factors of t.
2
Let l = -1485 - -1483. Suppose 0*r + 6 = 3*r. List the prime factors of 1 - ((8 - r) + l - 26).
23
Let h(y) = 2*y**3 + 3*y**2 - 545*y - 72. List the prime factors of h(23).
2, 3, 7, 317
List the prime factors of -755*((-192)/150)/(6/30).
2, 151
Let o = -258 - -258. Let p(h) = -13*h + 721. List the prime factors of p(o).
7, 103
Let d = 547 - 825. Let v = 801 - d. Suppose -v = -4*l - 9*l. List the prime factors of l.
83
Suppose 0*c + 2*c = -3*c + 85625. What are the prime factors of c?
5, 137
List the prime factors of -5*((-41283)/55 - -12).
3, 1231
Let h(z) = -70*z**2 + z**3 + 75*z**2 + 0*z**3 + 4*z. Let g be h(-5). What are the prime factors of (-524)/(-20) - (-3 - 44/g)?
3
Let y be (2/(-3))/((-880)/144 - -6). Suppose 2*s - 2*m = -y*m + 3326, -m = 2*s - 3320. What are the prime factors of s?
3, 7, 79
Let k = -31474 + 48351. What are the prime factors of k?
7, 2411
List the prime factors of 2/12*-2*(-66)/4*662.
11, 331
Let h = -90 + 43. Let x = 9 - h. What are the prime factors of -2 - (x/(-1) - 3)?
3, 19
Let k be 164*(3/5)/(34/85). List the prime factors of (k + 3 + -2)*(-16 + 20).
2, 13, 19
Let u(d) = 4*d - 16. Suppose -20 = -7*k + 15. Let q be u(k). List the prime factors of 26/(-39)*(-822)/q.
137
Suppose 91897 = 29*o - 63775. List the prime factors of o.
2, 11, 61
Let z = 136 + -71. Let q = z + -20. Let t = q - -50. List the prime factors of t.
5, 19
Let n = 143 - -317. Let r(x) = x - 5. Let h be r(7). Suppose -6*f = -h - n. What are the prime factors of f?
7, 11
What are the prime factors of ((-6)/(-2) + -22721)*(6/12)/(-1)?
37, 307
Let h = 2200 - 1351. Suppose -h = -3*q + 78. List the prime factors of q.
3, 103
Let w = 379 - 373. Suppose -4*z + 2*b + 2412 = w*b, b - 5 = 0. List the prime factors of z.
2, 13, 23
Let k(f) = f - 9. Let r be k(11). Suppose 2*m = 5*u - 4*u - 22, 0 = -r*u + 3*m + 47. Suppose 0 = -u*a + 27*a + 206. List the prime factors of a.
2, 103
Let b(w) = 77*w - 53. Suppose 173 = -8*s + 213. List the prime factors of b(s).
2, 83
Let g = 2517 - -2051. Suppose 6*f + 1538 = g. List the prime factors of f.
5, 101
Let r = 282 + -279. Suppose -o + 9 = 2*o. Suppose w + 341 = o*v, -v - r*w + 102 + 25 = 0. What are the prime factors of v?
5, 23
Suppose -4*v + 5*v + 42 = 0. Let q be v/(-28)*698/3. Suppose 4*f + q = 5*t, -58 - 152 = -3*t + 3*f. List the prime factors of t.
3, 23
Let a = -2312 + 9797. List the prime factors of a.
3, 5, 499
Let i be -2*4/32 - 414/8. Let b = 54 + i. Let s(y) = 8*y**2 + 6. List the prime factors of s(b).
2